)/228. Let b be (22/5)/(1/25). Calculate the greatest common divisor of b and t.
10
Suppose -3*r - 2*o - 2 = -16, 8 = 2*r + o. Let l = 123 - 123. Suppose -2*g + 13 = 2*q - q, -2*q - 6 = l. What is the greatest common divisor of g and r?
2
Let s = 119 - 80. Let w(a) = -a**3 - a**2 + 21*a + 52. Let h be w(0). What is the highest common factor of s and h?
13
Let h(s) = 5*s**2 - 69*s + 919. Let t be h(11). Calculate the greatest common factor of t and 5.
5
Let d(z) = z**3 + 56*z**2 + 6*z + 348. Let c be d(-56). Suppose -2*s + 192 = 2*s. Calculate the greatest common factor of c and s.
12
Suppose v = 3, -5*u + 19 = 351*v - 348*v. What is the highest common factor of 6 and u?
2
Let a be 266/6 - (-1)/(-3). Let w(c) = -7*c - 134. Let u be w(-21). Suppose 22 = -u*z + 74. Calculate the highest common factor of a and z.
4
Let h(d) = -201*d + 36. Let b be h(-6). Suppose 0*n = -2*n + q + 618, -4*n + 5*q = -b. What is the greatest common divisor of n and 28?
28
Let v(g) = g**3 + 2*g + 156. Suppose 19*l = 18*l + 3. Suppose -l*q = -3*n - 0*n, q + n = 0. Let x be v(q). What is the greatest common factor of 12 and x?
12
Suppose q - h - 1971 = -5*q, 2*q - 664 = -2*h. Calculate the greatest common factor of 1128 and q.
47
Let u be 4 + (-214116)/(-154) + (-16)/44. Calculate the greatest common divisor of 187 and u.
17
Suppose 8*v + 20 = 4*v - 2*h, 4*v = -4*h - 24. Let d = 21 + -15. Let u be (-2)/v - (-69)/d. What is the highest common divisor of 12 and u?
12
Let c(k) = 5*k**2 + k. Let j be c(-1). Suppose j*x + 37 = 3*b - 239, -195 = -2*b - x. Calculate the greatest common factor of 160 and b.
32
Let u = -3035 - -3075. Suppose -195 = -4*l + 285. What is the highest common factor of l and u?
40
Let z = 22 + 4. Suppose 9*a + 521 = m, m + 336*a - 332*a - 482 = 0. What is the greatest common factor of z and m?
26
Let k = 27 + 57. Let b = 53122 - 53010. Calculate the highest common divisor of k and b.
28
Suppose 63*s - 112*s = -19551. What is the highest common divisor of 57 and s?
57
Let b = -163 - -329. Let u = b + -158. What is the highest common divisor of u and 32?
8
Let r = 4937 + -4606. What is the highest common divisor of r and 1?
1
Let h = 2734 - 2602. What is the highest common factor of h and 3828?
132
Let u be (1469/2)/((1 - 3)/(-27 - -23)). What is the greatest common factor of 1243 and u?
113
Let m(d) = 1890*d**2 - 1457*d + 1457. Let q be m(1). What is the greatest common factor of 1540 and q?
70
Suppose 0 = 2*i - 971 - 183. Suppose -581*p = -i*p - 36. What is the greatest common divisor of 153 and p?
9
Suppose 5*s + 2*l - 18328 - 11081 = 0, -4*l = -5*s + 29427. What is the greatest common divisor of 159 and s?
159
Suppose -2620 + 2732 = 8*l. Calculate the greatest common factor of l and 2282.
14
Suppose 0 = -4*r + 3*b + 1530, -3*r + 1158 = -b + 4*b. Suppose 0 = 29*k - 15*k - 336. Calculate the highest common factor of k and r.
24
Let j = -4895 + 4973. Calculate the highest common divisor of 8775 and j.
39
Let g be (-1160)/(-3)*9/4. Let q be 3/((-3)/(-24 + 10 + 4)). Calculate the greatest common factor of g and q.
10
Let j(a) = a**3 + 4*a**2 - 6*a - 2. Suppose f - 4*k - 15 = 0, 0 = -5*f + f + 3*k + 21. Let u be j(f). What is the highest common factor of 387 and u?
43
Let d(s) = -s**3 + 9*s**2 + s + 5. Let f be d(9). Let x(j) = -7*j**2 + 93*j - 152. Let l be x(6). What is the highest common factor of l and f?
14
Suppose 0 = 36*v - 284 - 168 - 268. Calculate the greatest common factor of 46 and v.
2
Suppose 52*l - 180 = 47*l. Suppose -34*h = -l*h + 14. Suppose v + 5*j + 3 = 0, -4*j - 6 = -4*v + 6. What is the greatest common divisor of h and v?
1
Let n = -33 + 159. Suppose -1799 - 833 = 7*f. Let p = -334 - f. Calculate the highest common divisor of p and n.
42
Let o(h) = h**2 + 26*h - 187. Let w be o(-38). Let a = 35 + w. What is the highest common divisor of 16 and a?
16
Suppose -3*s - 2 - 1 = 0, 5*b - 5*s - 165 = 0. Let k(j) = 37*j**2 - 9*j - 8. Let d be k(-3). What is the highest common factor of d and b?
32
Let d be (-31)/(1395/216)*(-20)/6. Calculate the greatest common divisor of d and 328.
8
Let o = 3 - -7. Suppose 0 = 8*a - 3 - 21. Suppose 1 - 16 = -a*j. What is the highest common divisor of o and j?
5
Let w = 21809 - 21676. Suppose 8 = -o + 5, 5*s - 79 = 3*o. What is the greatest common divisor of s and w?
7
Suppose 2*a + 3*b + 114 = 504, 0 = a - 3*b - 177. Let u be -589 - (-7 - (-66)/6). Let l = -572 - u. Calculate the greatest common divisor of a and l.
21
Let m(g) = 18 + 3*g + 15 - 14. Let c be m(0). Suppose -t - 2*n - 3*n = -c, 5*t = -4*n + 200. Calculate the highest common divisor of t and 440.
44
Let n(p) = -2358*p**3 + 4*p**2 + p - 3. Let r be n(-1). Calculate the greatest common divisor of 18 and r.
18
Suppose -236*q + i = -233*q - 16832, 4*q + 5*i = 22430. Calculate the greatest common factor of q and 10.
10
Suppose 0 = 4*y - 0*y - 144. Suppose -106*r + 570 = -66. Calculate the greatest common divisor of r and y.
6
Let k(c) = 13*c**2 + 622*c + 410. Let b be k(-48). Calculate the greatest common divisor of 552 and b.
46
Let z(s) = 25*s - 359. Let i be z(17). Let d be (132/9)/(((-10)/3)/(-5)). Calculate the highest common factor of d and i.
22
Suppose -3*g + 30*k = 26*k - 10771, -7190 = -2*g + 5*k. What is the greatest common divisor of 30 and g?
15
Let n(a) = a**3 + 10*a**2 - 3*a + 3. Let r be n(-10). Let s be 4/(12/279)*(-15)/9. Let q = s - -166. What is the highest common divisor of q and r?
11
Let i = 1 - -2. Suppose -3*l - 5*c = -2*c - 411, 2*c - 414 = -i*l. Suppose -7*w + 2*w = -2*a + 35, w - 1 = 0. Calculate the highest common factor of l and a.
20
Let s be (3 - -41)*7/4. What is the greatest common divisor of 63 and s?
7
Let g be (-9 + 61 - -10) + -10. What is the highest common factor of 2132 and g?
52
Let y be 1987 + ((-1920)/(-16))/8. Calculate the highest common divisor of 130 and y.
26
Let t = -28355 + 32144. What is the highest common factor of t and 99?
9
Suppose 4*i - 4 = -2*f + 2, -3*f - 3*i = -3. Let a(c) = -41*c**3 + 2*c + 1. Let p be a(f). What is the greatest common divisor of 280 and p?
40
Suppose 0 = 21*a - 56 - 3640. Suppose 8 = -172*f + a*f. Calculate the greatest common divisor of 12 and f.
2
Suppose 0 = -4*y, -3*y = -440*d + 439*d + 15. Let o be (2*14/(-4))/(-1). Suppose 2*q + 75 = o*q. What is the greatest common divisor of d and q?
15
Let z = 26866 + -26804. Calculate the highest common divisor of 14043 and z.
31
Let c(z) = -53*z + 2020. Let v be c(-28). Calculate the greatest common factor of v and 73.
73
Let v = 65 - 75. Let s be 2418/30 - (0 - (-4)/v). Let c be s/(-15)*(-15)/(-18)*-4. Calculate the greatest common divisor of c and 12.
6
Let r be 3/((63/784)/(120/28)). Suppose 18*x = 22*x - r. Calculate the highest common divisor of 70 and x.
10
Let w = 450 - 413. What is the highest common factor of 9287 and w?
37
Let r be 32*(-9)/108*22*(-90)/8. Calculate the highest common factor of 480 and r.
60
Let r be 1/(-2) + 626/4. Let x(g) = -26*g**3 - 2*g**2 + 6*g - 14. Let z be x(3). Let p = -704 - z. Calculate the greatest common divisor of r and p.
12
Let h be 1/(3/9) - (-609 - -8). Let n = h + -257. Let j = 556 - n. Calculate the greatest common factor of 19 and j.
19
Let o(k) = -74*k + 3479. Let c be o(47). Calculate the greatest common divisor of 2381 and c.
1
Suppose 123 = 25*w - 24*w. Suppose -9*t - 24 + w = 0. What is the highest common divisor of t and 143?
11
Let j = -6021 - -7704. What is the greatest common factor of j and 1989?
153
Let k(n) be the second derivative of 1/12*n**4 - 3*n**3 - 1/2*n**2 + 0 + 30*n. Let p be k(20). Calculate the greatest common factor of 13 and p.
13
Let d(m) = -m**3 + 77*m**2 + 155*m + 445. Let v be d(79). Calculate the greatest common divisor of v and 39.
13
Let q = -105 - -104. Let x be (-27 + 26)/((3/2)/(-3)). Let g be 19 - ((-8)/x - q). Calculate the greatest common divisor of 242 and g.
22
Let z(l) = l - 32. Let q be z(42). Let n be (-156)/(-15) - (-4)/(-10). Calculate the highest common divisor of q and n.
10
Let x(o) = 45*o - 4937. Let j be x(115). Suppose -q - 14 = -2*q. What is the greatest common factor of j and q?
14
Let i(w) = 162*w + 1344. Let n be i(13). Calculate the highest common factor of n and 115.
115
Suppose 0*q = -2*q + 2. Let t(r) = r**2 + 9*r - 29